0725?
5, 3229
What are the prime factors of 28?
2, 7
What are the prime factors of 14560?
2, 5, 7, 13
List the prime factors of 1959.
3, 653
What are the prime factors of 2051?
7, 293
What are the prime factors of 62639?
62639
List the prime factors of 12270.
2, 3, 5, 409
What are the prime factors of 52851?
3, 79, 223
List the prime factors of 33374.
2, 11, 37, 41
List the prime factors of 27090.
2, 3, 5, 7, 43
List the prime factors of 10864.
2, 7, 97
List the prime factors of 1388.
2, 347
What are the prime factors of 57654?
2, 3, 3203
What are the prime factors of 15466?
2, 11, 19, 37
List the prime factors of 1322.
2, 661
List the prime factors of 4888.
2, 13, 47
List the prime factors of 1873.
1873
What are the prime factors of 20782?
2, 10391
What are the prime factors of 50461?
50461
What are the prime factors of 1614?
2, 3, 269
What are the prime factors of 28625?
5, 229
What are the prime factors of 5975?
5, 239
What are the prime factors of 1063?
1063
What are the prime factors of 15834?
2, 3, 7, 13, 29
List the prime factors of 25486.
2, 12743
List the prime factors of 231.
3, 7, 11
What are the prime factors of 17649?
3, 37, 53
What are the prime factors of 333?
3, 37
List the prime factors of 10510.
2, 5, 1051
List the prime factors of 1013.
1013
List the prime factors of 138906.
2, 3, 7717
List the prime factors of 1625.
5, 13
List the prime factors of 3675.
3, 5, 7
List the prime factors of 734.
2, 367
What are the prime factors of 559?
13, 43
List the prime factors of 27140.
2, 5, 23, 59
What are the prime factors of 1311?
3, 19, 23
What are the prime factors of 3026?
2, 17, 89
What are the prime factors of 24615?
3, 5, 547
What are the prime factors of 727?
727
What are the prime factors of 3607?
3607
List the prime factors of 37752.
2, 3, 11, 13
List the prime factors of 4727.
29, 163
List the prime factors of 22.
2, 11
What are the prime factors of 7797?
3, 23, 113
List the prime factors of 6995.
5, 1399
List the prime factors of 37491.
3, 12497
What are the prime factors of 1033?
1033
What are the prime factors of 20557?
61, 337
List the prime factors of 4524.
2, 3, 13, 29
What are the prime factors of 374?
2, 11, 17
List the prime factors of 4761.
3, 23
What are the prime factors of 790?
2, 5, 79
What are the prime factors of 39461?
39461
List the prime factors of 20702.
2, 11, 941
What are the prime factors of 5517?
3, 613
List the prime factors of 959.
7, 137
List the prime factors of 122873.
19, 29, 223
List the prime factors of 11058.
2, 3, 19, 97
What are the prime factors of 2900?
2, 5, 29
List the prime factors of 665.
5, 7, 19
What are the prime factors of 3004?
2, 751
What are the prime factors of 20986?
2, 7, 1499
What are the prime factors of 124519?
239, 521
What are the prime factors of 79?
79
What are the prime factors of 2166?
2, 3, 19
List the prime factors of 83967.
3, 13, 2153
What are the prime factors of 4485?
3, 5, 13, 23
List the prime factors of 105103.
61, 1723
List the prime factors of 77042.
2, 7, 5503
What are the prime factors of 30012?
2, 3, 41, 61
What are the prime factors of 150?
2, 3, 5
What are the prime factors of 1694?
2, 7, 11
What are the prime factors of 478?
2, 239
What are the prime factors of 60641?
7, 8663
What are the prime factors of 40526?
2, 23, 881
List the prime factors of 7536.
2, 3, 157
What are the prime factors of 8085?
3, 5, 7, 11
List the prime factors of 3143.
7, 449
List the prime factors of 121351.
121351
List the prime factors of 548.
2, 137
What are the prime factors of 4153?
4153
List the prime factors of 2401.
7
List the prime factors of 1984.
2, 31
What are the prime factors of 528?
2, 3, 11
List the prime factors of 35437.
35437
What are the prime factors of 84?
2, 3, 7
List the prime factors of 702.
2, 3, 13
List the prime factors of 20741.
7, 2963
What are the prime factors of 1828?
2, 457
List the prime factors of 889.
7, 127
What are the prime factors of 79352?
2, 7, 13, 109
List the prime factors of 2599.
23, 113
What are the prime factors of 20593?
20593
List the prime factors of 4027.
4027
List the prime factors of 7995.
3, 5, 13, 41
List the prime factors of 1249.
1249
What are the prime factors of 2060?
2, 5, 103
List the prime factors of 1360.
2, 5, 17
List the prime factors of 66133.
41, 1613
List the prime factors of 46395.
3, 5, 1031
List the prime factors of 937.
937
What are the prime factors of 117094?
2, 127, 461
What are the prime factors of 1343?
17, 79
List the prime factors of 1785.
3, 5, 7, 17
List the prime factors of 1761.
3, 587
List the prime factors of 1118.
2, 13, 43
List the prime factors of 2340.
2, 3, 5, 13
List the prime factors of 57235.
5, 11447
What are the prime factors of 19024?
2, 29, 41
List the prime factors of 523.
523
List the prime factors of 10247.
10247
List the prime factors of 1873.
1873
What are the prime factors of 203?
7, 29
List the prime factors of 781.
11, 71
List the prime factors of 2152.
2, 269
What are the prime factors of 843?
3, 281
What are the prime factors of 7177?
7177
List the prime factors of 464.
2, 29
List the prime factors of 81846.
2, 3, 4547
What are the prime factors of 846?
2, 3, 47
List the prime factors of 12972.
2, 3, 23, 47
List the prime factors of 6171.
3, 11, 17
What are the prime factors of 19463?
19463
What are the prime factors of 14044?
2, 3511
List the prime factors of 9341.
9341
What are the prime factors of 15771?
3, 7, 751
What are the prime factors of 29444?
2, 17, 433
List the prime factors of 1868.
2, 467
What are the prime factors of 1491?
3, 7, 71
List the prime factors of 50721.
3, 11, 29, 53
What are the prime factors of 28355?
5, 53, 107
List the prime factors of 9448.
2, 1181
List the prime factors of 1105.
5, 13, 17
List the prime factors of 65828.
2, 7, 2351
What are the prime factors of 7891?
13, 607
What are the prime factors of 3685?
5, 11, 67
What are the prime factors of 353?
353
What are the prime factors of 179?
179
What are the prime factors of 1484?
2, 7, 53
What are the prime factors of 417?
3, 139
What are the prime factors of 21060?
2, 3, 5, 13
What are the prime factors of 27607?
19, 1453
List the prime factors of 3110.
2, 5, 311
What are the prime factors of 41041?
7, 11, 13, 41
What are the prime factors of 17440?
2, 5, 109
List the prime factors of 80514.
2, 3, 7, 71
What are the prime factors of 122790?
2, 3, 5, 4093
What are the prime factors of 58132?
2, 14533
What are the prime factors of 705?
3, 5, 47
List the prime factors of 3724.
2, 7, 19
List the prime factors of 1753.
1753
What are the prime factors of 23602?
2, 11801
List the prime factors of 6673.
6673
What are the prime factors of 895?
5, 179
What are the prime factors of 9875?
5, 79
What are the prime factors of 21106?
2, 61, 173
What are the prime factors of 12161?
12161
What are the prime factors of 41071?
67, 613
List the prime factors of 5824.
2, 7, 13
List the prime factors of 26618.
2, 13309
What are the prime factors of 1480?
2, 5, 37
What are the prime factors of 33595?
5, 6719
What are the prime factors of 796?
2, 199
What are the prime factors of 2485?
5, 7, 71
What are the prime factors of 645?
3, 5, 43
List the prime factors of 80804.
2, 20201
What are the prime factors of 93767?
41, 2287
List the prime factors of 1265.
5, 11, 23
What are the prime factors of 136?
2, 17
What are the prime factors of 39347?
7, 11, 73
List the prime factors of 4696.
2, 587
List the prime factors of 1030.
2, 5, 103
What are the prime factors of 5420?
2, 5, 271
What are the prime factors of 7280?
2, 5, 7, 13
What are the prime factors of 2035?
5, 11, 37
List the prime factors of 13825.
5, 7, 79
List the prime factors of 72.
2, 3
What are the prime factors of 1191?
3, 397
List the prime factors of 26242.
2, 13121
What are the prime factors of 4974?
2, 3, 829
What are the prime factors of 1876?
2, 7, 67
What are the prime factors of 2130?
2, 3, 5, 71
List the prime factors of 7814.
2, 3907
What are the prime factors of 5122?
2, 13, 197
What are the prime factors of 3969?
3, 7
What are the prime factors of 77351?
77351
What are the prime factors of 1539?
3, 19
List the prime factors of 17849.
13, 1373
What are the prime factors of 1961?
37, 53
List the prime factors of 5463.
3, 607
List the